{"id":74,"date":"2021-01-24T20:46:52","date_gmt":"2021-01-24T20:46:52","guid":{"rendered":"https:\/\/compumedios.com.mx\/?page_id=74"},"modified":"2022-06-20T16:14:02","modified_gmt":"2022-06-20T16:14:02","slug":"tarjetas-digitales","status":"publish","type":"page","link":"https:\/\/compumedios.com.mx\/?page_id=74","title":{"rendered":"Tarjetas Digitales"},"content":{"rendered":"\t\t<div data-elementor-type=\"wp-page\" data-elementor-id=\"74\" class=\"elementor elementor-74\">\n\t\t\t\t\t\t<section class=\"elementor-section elementor-top-section elementor-element elementor-element-46c58858 elementor-section-boxed elementor-section-height-default elementor-section-height-default\" data-id=\"46c58858\" data-element_type=\"section\" data-settings=\"{&quot;background_background&quot;:&quot;classic&quot;}\">\n\t\t\t\t\t\t\t<div class=\"elementor-background-overlay\"><\/div>\n\t\t\t\t\t\t\t<div class=\"elementor-container elementor-column-gap-default\">\n\t\t\t\t\t<div class=\"elementor-column elementor-col-100 elementor-top-column elementor-element elementor-element-5bd72331\" data-id=\"5bd72331\" data-element_type=\"column\">\n\t\t\t<div class=\"elementor-widget-wrap elementor-element-populated\">\n\t\t\t\t\t\t<div class=\"elementor-element elementor-element-68f9d90b elementor-invisible elementor-widget elementor-widget-heading\" data-id=\"68f9d90b\" data-element_type=\"widget\" data-settings=\"{&quot;_animation&quot;:&quot;zoomInUp&quot;}\" data-widget_type=\"heading.default\">\n\t\t\t\t<div class=\"elementor-widget-container\">\n\t\t\t\t\t<h2 class=\"elementor-heading-title elementor-size-large\">\u00a1SOLO TIENES UNA OPORTUNIDAD PARA DAR LA PRIMERA IMPRESI\u00d3N!<\/h2>\t\t\t\t<\/div>\n\t\t\t\t<\/div>\n\t\t\t\t<div class=\"elementor-element elementor-element-33031296 elementor-invisible elementor-widget elementor-widget-heading\" data-id=\"33031296\" data-element_type=\"widget\" data-settings=\"{&quot;_animation&quot;:&quot;zoomIn&quot;}\" data-widget_type=\"heading.default\">\n\t\t\t\t<div class=\"elementor-widget-container\">\n\t\t\t\t\t<p class=\"elementor-heading-title elementor-size-medium\">TARJETAS DIGITALES<\/p>\t\t\t\t<\/div>\n\t\t\t\t<\/div>\n\t\t\t\t\t<\/div>\n\t\t<\/div>\n\t\t\t\t\t<\/div>\n\t\t<\/section>\n\t\t\t\t<section class=\"elementor-section elementor-top-section elementor-element elementor-element-3ba36f26 elementor-section-content-bottom elementor-section-boxed elementor-section-height-default elementor-section-height-default\" data-id=\"3ba36f26\" data-element_type=\"section\">\n\t\t\t\t\t\t<div class=\"elementor-container elementor-column-gap-default\">\n\t\t\t\t\t<div class=\"elementor-column elementor-col-33 elementor-top-column elementor-element elementor-element-5d035e0c\" data-id=\"5d035e0c\" data-element_type=\"column\">\n\t\t\t<div class=\"elementor-widget-wrap elementor-element-populated\">\n\t\t\t\t\t\t<div class=\"elementor-element elementor-element-4c0606f0 elementor-position-top elementor-invisible elementor-widget elementor-widget-image-box\" data-id=\"4c0606f0\" data-element_type=\"widget\" data-settings=\"{&quot;_animation&quot;:&quot;zoomIn&quot;}\" data-widget_type=\"image-box.default\">\n\t\t\t\t<div class=\"elementor-widget-container\">\n\t\t\t\t\t<div class=\"elementor-image-box-wrapper\"><figure class=\"elementor-image-box-img\"><img fetchpriority=\"high\" decoding=\"async\" width=\"600\" height=\"600\" src=\"https:\/\/compumedios.com.mx\/wp-content\/uploads\/2021\/01\/money-care-logo-design-vector.jpg\" class=\"elementor-animation-pop attachment-full size-full wp-image-317\" alt=\"\" srcset=\"https:\/\/compumedios.com.mx\/wp-content\/uploads\/2021\/01\/money-care-logo-design-vector.jpg 600w, https:\/\/compumedios.com.mx\/wp-content\/uploads\/2021\/01\/money-care-logo-design-vector-300x300.jpg 300w, https:\/\/compumedios.com.mx\/wp-content\/uploads\/2021\/01\/money-care-logo-design-vector-150x150.jpg 150w\" sizes=\"(max-width: 600px) 100vw, 600px\" \/><\/figure><div class=\"elementor-image-box-content\"><h3 class=\"elementor-image-box-title\">Ahorrativas<\/h3><p class=\"elementor-image-box-description\">Olv\u00eddate de estar imprimiendo cada vez lotes interminables de tarjetas que terminan en la basura. No tires tu dinero, e invierte en mejorar tu imagen digital.<\/p><\/div><\/div>\t\t\t\t<\/div>\n\t\t\t\t<\/div>\n\t\t\t\t\t<\/div>\n\t\t<\/div>\n\t\t\t\t<div class=\"elementor-column elementor-col-33 elementor-top-column elementor-element elementor-element-68f748da\" data-id=\"68f748da\" data-element_type=\"column\">\n\t\t\t<div class=\"elementor-widget-wrap elementor-element-populated\">\n\t\t\t\t\t\t<div class=\"elementor-element elementor-element-2807844a elementor-position-top elementor-invisible elementor-widget elementor-widget-image-box\" data-id=\"2807844a\" data-element_type=\"widget\" data-settings=\"{&quot;_animation&quot;:&quot;fadeInLeft&quot;}\" data-widget_type=\"image-box.default\">\n\t\t\t\t<div class=\"elementor-widget-container\">\n\t\t\t\t\t<div class=\"elementor-image-box-wrapper\"><figure class=\"elementor-image-box-img\"><img decoding=\"async\" width=\"820\" height=\"517\" src=\"https:\/\/compumedios.com.mx\/wp-content\/uploads\/2021\/01\/icono-de-compartir-circle.jpg\" class=\"elementor-animation-pop attachment-full size-full wp-image-335\" alt=\"\" srcset=\"https:\/\/compumedios.com.mx\/wp-content\/uploads\/2021\/01\/icono-de-compartir-circle.jpg 820w, https:\/\/compumedios.com.mx\/wp-content\/uploads\/2021\/01\/icono-de-compartir-circle-300x189.jpg 300w, https:\/\/compumedios.com.mx\/wp-content\/uploads\/2021\/01\/icono-de-compartir-circle-768x484.jpg 768w\" sizes=\"(max-width: 820px) 100vw, 820px\" \/><\/figure><div class=\"elementor-image-box-content\"><h3 class=\"elementor-image-box-title\">Viralizables<\/h3><p class=\"elementor-image-box-description\">Incluye botones para compartir tu contenido a trav\u00e9s de todas las redes sociales y as\u00ed, maximizar la difusi\u00f3n de todos tus productos o servicios en un solo click.<\/p><\/div><\/div>\t\t\t\t<\/div>\n\t\t\t\t<\/div>\n\t\t\t\t\t<\/div>\n\t\t<\/div>\n\t\t\t\t<div class=\"elementor-column elementor-col-33 elementor-top-column elementor-element elementor-element-a286b5b\" data-id=\"a286b5b\" data-element_type=\"column\">\n\t\t\t<div class=\"elementor-widget-wrap elementor-element-populated\">\n\t\t\t\t\t\t<div class=\"elementor-element elementor-element-2b4298bd elementor-position-top elementor-invisible elementor-widget elementor-widget-image-box\" data-id=\"2b4298bd\" data-element_type=\"widget\" data-settings=\"{&quot;_animation&quot;:&quot;tada&quot;}\" data-widget_type=\"image-box.default\">\n\t\t\t\t<div class=\"elementor-widget-container\">\n\t\t\t\t\t<div class=\"elementor-image-box-wrapper\"><figure class=\"elementor-image-box-img\"><img decoding=\"async\" width=\"225\" height=\"225\" src=\"https:\/\/compumedios.com.mx\/wp-content\/uploads\/2021\/01\/ECOLOGICA.png\" class=\"elementor-animation-rotate attachment-full size-full wp-image-330\" alt=\"\" srcset=\"https:\/\/compumedios.com.mx\/wp-content\/uploads\/2021\/01\/ECOLOGICA.png 225w, https:\/\/compumedios.com.mx\/wp-content\/uploads\/2021\/01\/ECOLOGICA-150x150.png 150w\" sizes=\"(max-width: 225px) 100vw, 225px\" \/><\/figure><div class=\"elementor-image-box-content\"><h3 class=\"elementor-image-box-title\">Ecol\u00f3gicas<\/h3><p class=\"elementor-image-box-description\">Deshazte de tus viejas tarjetas de papel, que adem\u00e1s de aburridas y poco eficaces no constituyen una buena practica ecol\u00f3gica, s\u00e9 100% digital.<\/p><\/div><\/div>\t\t\t\t<\/div>\n\t\t\t\t<\/div>\n\t\t\t\t\t<\/div>\n\t\t<\/div>\n\t\t\t\t\t<\/div>\n\t\t<\/section>\n\t\t\t\t<section class=\"elementor-section elementor-top-section elementor-element elementor-element-d892cae elementor-section-boxed elementor-section-height-default elementor-section-height-default\" data-id=\"d892cae\" data-element_type=\"section\" data-settings=\"{&quot;background_background&quot;:&quot;classic&quot;}\">\n\t\t\t\t\t\t\t<div class=\"elementor-background-overlay\"><\/div>\n\t\t\t\t\t\t\t<div class=\"elementor-container elementor-column-gap-default\">\n\t\t\t\t\t<div class=\"elementor-column elementor-col-50 elementor-top-column elementor-element elementor-element-7a7d4abd\" data-id=\"7a7d4abd\" data-element_type=\"column\">\n\t\t\t<div class=\"elementor-widget-wrap elementor-element-populated\">\n\t\t\t\t\t\t<div class=\"elementor-element elementor-element-1c85493 elementor-invisible elementor-widget elementor-widget-image\" data-id=\"1c85493\" data-element_type=\"widget\" data-settings=\"{&quot;_animation&quot;:&quot;bounceInUp&quot;}\" data-widget_type=\"image.default\">\n\t\t\t\t<div class=\"elementor-widget-container\">\n\t\t\t\t\t\t\t\t\t\t\t\t\t\t\t<img loading=\"lazy\" decoding=\"async\" width=\"685\" height=\"1024\" src=\"https:\/\/compumedios.com.mx\/wp-content\/uploads\/2022\/06\/td-685x1024.jpg\" class=\"attachment-large size-large wp-image-938\" alt=\"\" srcset=\"https:\/\/compumedios.com.mx\/wp-content\/uploads\/2022\/06\/td-685x1024.jpg 685w, https:\/\/compumedios.com.mx\/wp-content\/uploads\/2022\/06\/td-201x300.jpg 201w, https:\/\/compumedios.com.mx\/wp-content\/uploads\/2022\/06\/td.jpg 722w\" sizes=\"(max-width: 685px) 100vw, 685px\" \/>\t\t\t\t\t\t\t\t\t\t\t\t\t\t\t<\/div>\n\t\t\t\t<\/div>\n\t\t\t\t<section class=\"elementor-section elementor-inner-section elementor-element elementor-element-378457d elementor-section-boxed elementor-section-height-default elementor-section-height-default\" data-id=\"378457d\" data-element_type=\"section\">\n\t\t\t\t\t\t<div class=\"elementor-container elementor-column-gap-default\">\n\t\t\t\t\t<div class=\"elementor-column elementor-col-100 elementor-inner-column elementor-element elementor-element-190e17f\" data-id=\"190e17f\" data-element_type=\"column\">\n\t\t\t<div class=\"elementor-widget-wrap elementor-element-populated\">\n\t\t\t\t\t\t<div class=\"elementor-element elementor-element-da60cf2 elementor-invisible elementor-widget elementor-widget-text-editor\" data-id=\"da60cf2\" data-element_type=\"widget\" data-settings=\"{&quot;_animation&quot;:&quot;bounceInDown&quot;}\" data-widget_type=\"text-editor.default\">\n\t\t\t\t<div class=\"elementor-widget-container\">\n\t\t\t\t\t\t\t\t\t<p>La Tarjeta Digital Tiene iconos intuitivos de f\u00e1cil acceso a:<\/p><ul><li>Numero de Tel\u00e9fono.<\/li><li>\u00a0WhatsApp.<\/li><li>\u00a0E-mail.\u00a0<\/li><li>Fan Page de Facebook.<\/li><li>Sitio Web.<\/li><li>la Ubicaci\u00f3n de tu Negocio en Google Maps.<\/li><li>C\u00f3digo QR<\/li><\/ul>\t\t\t\t\t\t\t\t<\/div>\n\t\t\t\t<\/div>\n\t\t\t\t\t<\/div>\n\t\t<\/div>\n\t\t\t\t\t<\/div>\n\t\t<\/section>\n\t\t\t\t\t<\/div>\n\t\t<\/div>\n\t\t\t\t<div class=\"elementor-column elementor-col-50 elementor-top-column elementor-element elementor-element-4bb4c885\" data-id=\"4bb4c885\" data-element_type=\"column\">\n\t\t\t<div class=\"elementor-widget-wrap elementor-element-populated\">\n\t\t\t\t\t\t<div class=\"elementor-element elementor-element-6e1c7356 elementor-widget elementor-widget-heading\" data-id=\"6e1c7356\" data-element_type=\"widget\" data-widget_type=\"heading.default\">\n\t\t\t\t<div class=\"elementor-widget-container\">\n\t\t\t\t\t<h2 class=\"elementor-heading-title elementor-size-large\">S\u00e9 un Innovador y Mantente Siempre en la Memoria de tus Clientes.<\/h2>\t\t\t\t<\/div>\n\t\t\t\t<\/div>\n\t\t\t\t<div class=\"elementor-element elementor-element-4bf8efa3 elementor-invisible elementor-widget elementor-widget-text-editor\" data-id=\"4bf8efa3\" data-element_type=\"widget\" data-settings=\"{&quot;_animation&quot;:&quot;slideInUp&quot;}\" data-widget_type=\"text-editor.default\">\n\t\t\t\t<div class=\"elementor-widget-container\">\n\t\t\t\t\t\t\t\t\t<ul>\n<li>Acceso inmediato a tus redes sociales en un solo click.<\/li>\n<li>Mapa interactivo para mostrar la ubicaci\u00f3n de tu oficina.<\/li>\n<li>Puedes compartir infinitas veces la tarjeta sin costo adicional.<\/li>\n<li>Utilizaci\u00f3n de c\u00f3digos QR.<\/li>\n<\/ul>\t\t\t\t\t\t\t\t<\/div>\n\t\t\t\t<\/div>\n\t\t\t\t\t<\/div>\n\t\t<\/div>\n\t\t\t\t\t<\/div>\n\t\t<\/section>\n\t\t\t\t<section class=\"elementor-section elementor-top-section elementor-element elementor-element-33d1bf15 elementor-section-boxed elementor-section-height-default elementor-section-height-default\" data-id=\"33d1bf15\" data-element_type=\"section\" data-settings=\"{&quot;background_background&quot;:&quot;classic&quot;}\">\n\t\t\t\t\t\t<div class=\"elementor-container elementor-column-gap-default\">\n\t\t\t\t\t<div class=\"elementor-column elementor-col-100 elementor-top-column elementor-element elementor-element-63de12e2\" data-id=\"63de12e2\" data-element_type=\"column\">\n\t\t\t<div class=\"elementor-widget-wrap elementor-element-populated\">\n\t\t\t\t\t\t\t<\/div>\n\t\t<\/div>\n\t\t\t\t\t<\/div>\n\t\t<\/section>\n\t\t\t\t<section class=\"elementor-section elementor-top-section elementor-element elementor-element-1a0cabb elementor-section-boxed elementor-section-height-default elementor-section-height-default\" data-id=\"1a0cabb\" data-element_type=\"section\">\n\t\t\t\t\t\t<div class=\"elementor-container elementor-column-gap-default\">\n\t\t\t\t\t<div class=\"elementor-column elementor-col-100 elementor-top-column elementor-element elementor-element-44468df\" data-id=\"44468df\" data-element_type=\"column\">\n\t\t\t<div class=\"elementor-widget-wrap elementor-element-populated\">\n\t\t\t\t\t\t<div class=\"elementor-element elementor-element-c8f96d2 elementor-invisible elementor-widget elementor-widget-image\" data-id=\"c8f96d2\" data-element_type=\"widget\" data-settings=\"{&quot;_animation&quot;:&quot;fadeInRight&quot;}\" data-widget_type=\"image.default\">\n\t\t\t\t<div class=\"elementor-widget-container\">\n\t\t\t\t\t\t\t\t\t\t\t\t\t\t\t<img loading=\"lazy\" decoding=\"async\" width=\"600\" height=\"786\" src=\"https:\/\/compumedios.com.mx\/wp-content\/uploads\/2021\/12\/CESAR-COMPUMEDIOS-600x786-1.png\" class=\"attachment-large size-large wp-image-905\" alt=\"\" srcset=\"https:\/\/compumedios.com.mx\/wp-content\/uploads\/2021\/12\/CESAR-COMPUMEDIOS-600x786-1.png 600w, https:\/\/compumedios.com.mx\/wp-content\/uploads\/2021\/12\/CESAR-COMPUMEDIOS-600x786-1-229x300.png 229w\" sizes=\"(max-width: 600px) 100vw, 600px\" \/>\t\t\t\t\t\t\t\t\t\t\t\t\t\t\t<\/div>\n\t\t\t\t<\/div>\n\t\t\t\t\t<\/div>\n\t\t<\/div>\n\t\t\t\t\t<\/div>\n\t\t<\/section>\n\t\t\t\t<section class=\"elementor-section elementor-top-section elementor-element elementor-element-1075b735 elementor-section-content-middle elementor-section-boxed elementor-section-height-default elementor-section-height-default\" data-id=\"1075b735\" data-element_type=\"section\">\n\t\t\t\t\t\t<div class=\"elementor-container elementor-column-gap-no\">\n\t\t\t\t\t<div class=\"elementor-column elementor-col-100 elementor-top-column elementor-element elementor-element-52c2452e\" data-id=\"52c2452e\" data-element_type=\"column\">\n\t\t\t<div class=\"elementor-widget-wrap elementor-element-populated\">\n\t\t\t\t\t\t<div class=\"elementor-element elementor-element-61b9409a elementor-widget elementor-widget-heading\" data-id=\"61b9409a\" data-element_type=\"widget\" data-widget_type=\"heading.default\">\n\t\t\t\t<div class=\"elementor-widget-container\">\n\t\t\t\t\t<h3 class=\"elementor-heading-title elementor-size-default\">Tarjetas Digitales<\/h3>\t\t\t\t<\/div>\n\t\t\t\t<\/div>\n\t\t\t\t<section class=\"elementor-section elementor-inner-section elementor-element elementor-element-37136fe4 elementor-section-boxed elementor-section-height-default elementor-section-height-default\" data-id=\"37136fe4\" data-element_type=\"section\">\n\t\t\t\t\t\t<div class=\"elementor-container elementor-column-gap-wider\">\n\t\t\t\t\t<div class=\"elementor-column elementor-col-50 elementor-inner-column elementor-element elementor-element-f0d8419\" data-id=\"f0d8419\" data-element_type=\"column\">\n\t\t\t<div class=\"elementor-widget-wrap elementor-element-populated\">\n\t\t\t\t\t\t<div class=\"elementor-element elementor-element-eb728cb elementor-invisible elementor-widget elementor-widget-heading\" data-id=\"eb728cb\" data-element_type=\"widget\" data-settings=\"{&quot;_animation&quot;:&quot;fadeIn&quot;}\" data-widget_type=\"heading.default\">\n\t\t\t\t<div class=\"elementor-widget-container\">\n\t\t\t\t\t<h2 class=\"elementor-heading-title elementor-size-default\">Standar<\/h2>\t\t\t\t<\/div>\n\t\t\t\t<\/div>\n\t\t\t\t<div class=\"elementor-element elementor-element-2e9459fd elementor-invisible elementor-widget elementor-widget-text-editor\" data-id=\"2e9459fd\" data-element_type=\"widget\" data-settings=\"{&quot;_animation&quot;:&quot;bounceIn&quot;}\" data-widget_type=\"text-editor.default\">\n\t\t\t\t<div class=\"elementor-widget-container\">\n\t\t\t\t\t\t\t\t\t<ul><li>1 Tarjeta Digital\u00a0<\/li><\/ul><p>\u00a0 \u00a0 \u00a0 \u00a0 Costo\u00a0\u00a0<span style=\"font-family: var( --e-global-typography-text-font-family ), Sans-serif; font-style: inherit; text-transform: inherit;\">$ 1,500 pesos\u00a0 Anualidad<\/span><\/p>\t\t\t\t\t\t\t\t<\/div>\n\t\t\t\t<\/div>\n\t\t\t\t\t<\/div>\n\t\t<\/div>\n\t\t\t\t<div class=\"elementor-column elementor-col-50 elementor-inner-column elementor-element elementor-element-5d2aaf6\" data-id=\"5d2aaf6\" data-element_type=\"column\">\n\t\t\t<div class=\"elementor-widget-wrap elementor-element-populated\">\n\t\t\t\t\t\t<div class=\"elementor-element elementor-element-167ecc1e elementor-widget elementor-widget-heading\" data-id=\"167ecc1e\" data-element_type=\"widget\" data-widget_type=\"heading.default\">\n\t\t\t\t<div class=\"elementor-widget-container\">\n\t\t\t\t\t<h2 class=\"elementor-heading-title elementor-size-default\">Premium<\/h2>\t\t\t\t<\/div>\n\t\t\t\t<\/div>\n\t\t\t\t<div class=\"elementor-element elementor-element-34bbdba9 elementor-invisible elementor-widget elementor-widget-text-editor\" data-id=\"34bbdba9\" data-element_type=\"widget\" data-settings=\"{&quot;_animation&quot;:&quot;bounceIn&quot;}\" data-widget_type=\"text-editor.default\">\n\t\t\t\t<div class=\"elementor-widget-container\">\n\t\t\t\t\t\t\t\t\t<ul><li>5 Tarjetas Digitales\u00a0<\/li><\/ul><p>Costo $ 5,000 pesos Anualidad<\/p>\t\t\t\t\t\t\t\t<\/div>\n\t\t\t\t<\/div>\n\t\t\t\t\t<\/div>\n\t\t<\/div>\n\t\t\t\t\t<\/div>\n\t\t<\/section>\n\t\t\t\t\t<\/div>\n\t\t<\/div>\n\t\t\t\t\t<\/div>\n\t\t<\/section>\n\t\t\t\t<section class=\"elementor-section elementor-top-section elementor-element elementor-element-4470057 elementor-section-boxed elementor-section-height-default elementor-section-height-default\" data-id=\"4470057\" data-element_type=\"section\">\n\t\t\t\t\t\t<div class=\"elementor-container elementor-column-gap-default\">\n\t\t\t\t\t<div class=\"elementor-column elementor-col-100 elementor-top-column elementor-element elementor-element-a7a439b\" data-id=\"a7a439b\" data-element_type=\"column\">\n\t\t\t<div class=\"elementor-widget-wrap elementor-element-populated\">\n\t\t\t\t\t\t<div class=\"elementor-element elementor-element-e2c2a8e elementor-widget elementor-widget-heading\" data-id=\"e2c2a8e\" data-element_type=\"widget\" data-widget_type=\"heading.default\">\n\t\t\t\t<div class=\"elementor-widget-container\">\n\t\t\t\t\t<h4 class=\"elementor-heading-title elementor-size-default\">Visita nuestro sitio web:  www.tarjeta.website<\/h4>\t\t\t\t<\/div>\n\t\t\t\t<\/div>\n\t\t\t\t<div class=\"elementor-element elementor-element-f71e48a elementor-widget elementor-widget-image\" data-id=\"f71e48a\" data-element_type=\"widget\" data-widget_type=\"image.default\">\n\t\t\t\t<div class=\"elementor-widget-container\">\n\t\t\t\t\t\t\t\t\t\t\t\t\t\t\t\t<a href=\"https:\/\/www.tarjeta.website\/\">\n\t\t\t\t\t\t\t<img loading=\"lazy\" decoding=\"async\" width=\"269\" height=\"240\" src=\"https:\/\/compumedios.com.mx\/wp-content\/uploads\/2021\/12\/LOGO-TD.png\" class=\"attachment-large size-large wp-image-909\" alt=\"\" \/>\t\t\t\t\t\t\t\t<\/a>\n\t\t\t\t\t\t\t\t\t\t\t\t\t\t\t<\/div>\n\t\t\t\t<\/div>\n\t\t\t\t\t<\/div>\n\t\t<\/div>\n\t\t\t\t\t<\/div>\n\t\t<\/section>\n\t\t\t\t<\/div>\n\t\t","protected":false},"excerpt":{"rendered":"<p>\u00a1SOLO TIENES UNA OPORTUNIDAD PARA DAR LA PRIMERA IMPRESI\u00d3N! TARJETAS DIGITALES Ahorrativas Olv\u00eddate de estar imprimiendo cada vez lotes interminables de tarjetas que terminan en la basura. No tires tu dinero, e invierte en mejorar tu imagen digital. Viralizables Incluye botones para compartir tu contenido a trav\u00e9s de todas las redes sociales y as\u00ed, maximizar [&hellip;]<\/p>\n","protected":false},"author":1,"featured_media":0,"parent":0,"menu_order":0,"comment_status":"closed","ping_status":"closed","template":"","meta":{"footnotes":""},"class_list":["post-74","page","type-page","status-publish","hentry"],"_links":{"self":[{"href":"https:\/\/compumedios.com.mx\/index.php?rest_route=\/wp\/v2\/pages\/74","targetHints":{"allow":["GET"]}}],"collection":[{"href":"https:\/\/compumedios.com.mx\/index.php?rest_route=\/wp\/v2\/pages"}],"about":[{"href":"https:\/\/compumedios.com.mx\/index.php?rest_route=\/wp\/v2\/types\/page"}],"author":[{"embeddable":true,"href":"https:\/\/compumedios.com.mx\/index.php?rest_route=\/wp\/v2\/users\/1"}],"replies":[{"embeddable":true,"href":"https:\/\/compumedios.com.mx\/index.php?rest_route=%2Fwp%2Fv2%2Fcomments&post=74"}],"version-history":[{"count":118,"href":"https:\/\/compumedios.com.mx\/index.php?rest_route=\/wp\/v2\/pages\/74\/revisions"}],"predecessor-version":[{"id":941,"href":"https:\/\/compumedios.com.mx\/index.php?rest_route=\/wp\/v2\/pages\/74\/revisions\/941"}],"wp:attachment":[{"href":"https:\/\/compumedios.com.mx\/index.php?rest_route=%2Fwp%2Fv2%2Fmedia&parent=74"}],"curies":[{"name":"wp","href":"https:\/\/api.w.org\/{rel}","templated":true}]}}